7
Let x(d) = -d**2 + 39*d + 84. Suppose 39*r + 218 = 140. Calculate x(r).
2
Let w(i) = 719*i + 2779. Let d(o) = 477*o + 1848. Let m(u) = 8*d(u) - 5*w(u). Determine m(-4).
5
Let x = -1487 + 2260. Let y(q) = 5*q + 4 - 772*q**3 - q + x*q**3 + 2*q**2 + 0*q. What is y(-3)?
-17
Let v(g) = 2*g - 2. Suppose 3*n = -0*n + 216. Let p be n/(-32)*(-8)/6. Give v(p).
4
Let z = -153 - -158. Let b be 0 - (-7 - (-16)/4). Suppose -3*m + 19 - 4 = 0, z = b*r + 4*m. Let q(x) = -4*x + 6. Calculate q(r).
26
Let q(r) be the third derivative of r**5/60 - 11*r**4/12 - 109*r**3/3 - 1087*r**2 - r. Determine q(-7).
-15
Let b(h) = h + 0*h - 15 + h. Suppose -u - 14 = 4*c, -4*u + 65*c = 67*c - 28. Calculate b(u).
5
Let y(h) be the second derivative of -h**2 - 2/3*h**3 + 0 - 76*h. Give y(1).
-6
Let f(i) = -i + 50. Let k be f(19). Suppose 21*l - k*l = 80. Let s(w) = -w**2 - 8*w - 5. Give s(l).
-5
Let r(h) = -h**2 + 10*h + 26. Let b be r(12). Suppose -b*q + 70 = 12. Let o(g) = 3*g**2 + 33 + g - g**3 + q - 60. Determine o(4).
-10
Let t = -7 + 11. Let u(x) = 14*x**2 + 390*x - 4. Let q(o) = -19*o**2 - 532*o + 5. Let v(m) = 11*q(m) + 15*u(m). What is v(t)?
3
Suppose -100 + 10 = -9*f. Suppose -2*a + 3*y + 26 = f, 0 = a - 2*y - 9. Let q(j) = -6*j - 15*j**2 + a*j**2 + 12*j**2. Calculate q(4).
8
Let u(b) be the second derivative of -4*b + 0 - 1/2*b**2 + b**3. Let d(y) = -12*y + 2. Let m(a) = 2*d(a) + 5*u(a). Calculate m(-1).
-7
Let k(y) be the first derivative of -112 + 2*y**3 - y**2 - 1/4*y**4 + 3*y. What is k(4)?
27
Let i be 15/(-60) - 13/(-4). Suppose v - 7 = -j, 0 = -4*v + i*v + 4*j - 18. Let x(c) = -c + 4. Calculate x(v).
2
Suppose 52*h + 15 = 48*h - 3*k, 3*k + 15 = -2*h. Let w(s) = -2*s - 13. Give w(h).
-13
Let v be 2 + 1 + (4 + -2)*1. Let s(z) = 2*z + 6*z + z + 7*z - v*z - 2. Calculate s(1).
9
Let i be 4*(1/(3/15))/4. Suppose -i*q + 3*q = -4*j - 40, 5*q - 2*j - 76 = 0. Let n(u) = 3*u + 16 - q + u. Calculate n(-2).
-6
Let c(t) = -15*t**2 - 3*t - 2. Suppose 4808*b + 6 = 4802*b. Determine c(b).
-14
Let n be (-6)/2 - (14 + -12). Let o be ((-15)/12)/(n/20). Let i(v) = -3*v - 5*v**2 + o + 4*v**2 + 2*v**2 - 5*v. Give i(7).
-2
Let n(u) be the first derivative of -u**3/3 - 5*u**2/2 + 13*u - 1335. Determine n(-6).
7
Let t(v) = 15*v + 83. Let q be t(-5). Let u(y) = 10*y - 5 - q*y + 0 + 3*y. Calculate u(4).
15
Let f(l) = l**3 - 5*l**2 + 26*l - 58. Let p be f(3). Let v(i) = 12*i**2 - 3*i + 1. Determine v(p).
43
Let n be (5/(-6)*2)/(535/(-1284)). Let t(k) = 3*k**3 - 8*k**2 + 3*k - 4. Let z(i) = 7*i**3 - 17*i**2 + 7*i - 8. Let g(q) = -5*t(q) + 2*z(q). Give g(n).
32
Suppose 13*q + 1700 = 1895. Let o(a) = -a**2 + 11*a + 48. Calculate o(q).
-12
Let j = -64 + 59. Let q(h) = -7 + 16*h + 3*h**2 - 4*h**2 - 11*h + h**3 + 8*h**2. Give q(j).
18
Let w(d) = 1085 + 2*d**2 - 1074 + 0*d**2 + 13*d. Determine w(-8).
35
Let z(c) = 7. Let v(a) = -a - 35. Let d(q) = 2*v(q) + 11*z(q). Determine d(12).
-17
Let d(f) be the second derivative of -2/3*f**3 - 122*f + 5/12*f**4 - 4*f**2 + 1/20*f**5 + 0. Let w be (6/5)/((-1)/5). Give d(w).
-20
Let o(l) = -2*l**2 - 8*l + 27. Let m be o(-6). Let c(v) = 12*v + 4. Let k(w) = 11*w + 2. Let d(b) = m*k(b) - 2*c(b). Suppose -2*u - 6 = -2. What is d(u)?
-20
Let t = -2041 - -2045. Let x(k) = -k**3 + 5*k**2 + 3*k - 8. Calculate x(t).
20
Let m(w) = -2*w**3 - w - 1. Let f(b) = 2*b - 3. Let t be f(0). Let v be t/12 - (-78)/24. Suppose 3*p = 2*n - 9 - 1, 4*p = -v*n - 19. Determine m(n).
2
Let z(f) = -1236 - 4*f**3 + 3*f + 622 + 617 + 3*f**3 + 2*f**2. Let w(i) = -3*i**3 + 4*i**2 + 8*i + 10. Let q(r) = 4*w(r) - 11*z(r). Calculate q(-6).
13
Let l(g) = -3*g**2 + g - 2. Suppose 0 = 7*d + 299 + 30. Let a = 45 + d. Determine l(a).
-16
Let i(d) = -12 - 3*d**3 + 7*d - 2924454*d**2 + 2*d**3 + 2924444*d**2. Calculate i(-11).
32
Let u be 36/(-126) + 4/14. Suppose -b + u + 5 = 0. Let h(t) be the first derivative of -t**4/4 + 4*t**3/3 + 3*t**2/2 + 3*t - 811. Give h(b).
-7
Let k(u) = -u - 6. Let p be 20*((-156)/40)/(6/(-5)). Suppose 2*c - p = 5*g, -c = -4*g - 0*c - 55. Let z be (-57)/9 + (-5)/g. Calculate k(z).
0
Suppose 36*i - 41*i + 10 = 0. Let k(r) = 3*r**i + 0 + 905*r**3 + 3 - 906*r**3. Determine k(3).
3
Let k(g) = g**2 - 11*g + 13. Let c(u) = 27*u - 52. Let f be c(-5). Let b = f + 197. Determine k(b).
3
Let g(k) = -141 - 4*k**2 + 657*k**3 - 656*k**3 + 75 + 68. Calculate g(3).
-7
Let s(b) = 3*b. Let m be (-4 - -2 - -3)*7. Suppose m*y = 13*y - 36. Suppose 2 = -u, -5*r = -y*u + 4*u - 14. Calculate s(r).
6
Let u(c) = -2*c + 8. Let r = -394 + 409. Let p be -1 + r/5 + (13 - 10). Determine u(p).
-2
Let u = -3 - -8. Let n(f) = -3*f + u - 3 + 0*f. Suppose -381*t + 5*i + 36 = -384*t, 2*t + 5*i = -39. Determine n(t).
-7
Let l(x) = -17*x - 14*x + 47*x - 304 + 291. What is l(-6)?
-109
Let z(y) = 8*y + 30. Suppose 0 = 2*t + 4*q - 39 + 47, 4*q - 4 = t. Give z(t).
-2
Let g(v) = 6*v**3 + v**2 + 3*v + 2. Let r(a) = -a**3 + 3*a**2 + a + 2. Let n(m) = -g(m) - r(m). Calculate n(-2).
28
Let x(t) = t**3 + 2*t**2 - 7*t + 4. Suppose 19*h + 225 = -8*h - 18*h. Give x(h).
-36
Let r = 1 - -2. Let p(z) = z**2 + z - 1. Let b(m) = -2*m**2 - 6*m**2 + 4 - 2*m + 6*m**2 - m**2. Let a(q) = -2*b(q) - 4*p(q). Give a(r).
14
Let y = -7663 + 7652. Let p(f) = -f**3 - 12*f**2 - 13*f - 23. Determine p(y).
-1
Let g(v) = v**2 + 9*v + 2. Let b be g(-9). Let n(c) = 184*c**b + 3*c - 183*c**2 - 2*c + 13*c**3. Suppose -7*h - 4 = -3*h. Determine n(h).
-13
Let d(n) = -n - 1. Let w(c) = 7*c + 3. Let y(t) = -6*d(t) - w(t). Suppose -4*k - 4*j - 128 = 0, -15 = -0*j + 5*j. Let i = -36 - k. Calculate y(i).
10
Let c(y) = 88 - y**3 - 84 + 1767*y - 1756*y - 3*y**2. What is c(-4)?
-24
Let i(p) be the third derivative of p**7/5040 - 47*p**5/60 - 26*p**2. Let k(o) be the third derivative of i(o). Calculate k(-7).
-7
Let z(f) = f**3 - 39*f**2 - 41*f + 46. Let s(v) = 8*v**2 - 6*v - 64. Let u be s(4). What is z(u)?
6
Let f(q) = 5*q + 12. Let i be f(7). Let b(n) = n**3 + 12*n**2 - 93 + 47 + n**2 + 12*n + i. Give b(-12).
1
Let d be 65 - 62 - (-1 + 2)/1. Suppose p - 5 = 5. Let n(f) = -p*f**3 - 2*f + 9*f**3 + 2*f**d + f**2. What is n(2)?
0
Let f(c) be the first derivative of -c**4/24 + c**3/6 - c**2 + 33*c + 84. Let n(j) be the second derivative of f(j). Calculate n(-5).
6
Let q(d) = -d**3 + 90*d**2 + 282*d - 283. Let n be q(93). Let t(w) = -4*w**3 - 17*w**2 - 5*w - 2. Determine t(n).
2
Let p(v) = -47*v**2 + v + 19. Let r(f) = 10*f**2 - 2. Let n(u) = p(u) + 5*r(u). Determine n(5).
89
Let l(g) be the third derivative of g**5/60 - 5*g**4/24 - 13*g**3/6 + 6565*g**2. Let d(s) = -2*s**3 - s**2 + 3*s + 1. Let z be d(-2). What is l(z)?
1
Let x(m) = 5*m**2 + 6*m + 65. Let s(y) = 6*y**2 + 6*y + 72. Let p(c) = 6*s(c) - 7*x(c). Determine p(7).
-16
Suppose 0 = -4*x - 4*k + 100, x + 4*x = 3*k + 93. Let d = 40 - x. Let g = d - 21. Let y(w) = -3*w - 2. Determine y(g).
4
Let p(x) be the second derivative of -2*x**3/3 + 2*x**2 + 4480*x. Suppose -5*t = 2*q + 19, 8 = -q - 5*t - 14. Calculate p(q).
-8
Let b(y) = 24*y + 30*y - 103*y + 28*y + 26*y. What is b(5)?
25
Let h(j) = -992*j - 6969. Let r be h(-7). Let v(s) = -s - 40. Calculate v(r).
-15
Let o(d) be the second derivative of -d**4/12 + 4*d**3/3 - d**2 + 570*d. Determine o(6).
10
Let s(j) = -4*j**2 - 27 + 146*j + 2*j**2 - 147*j. Let p be s(0). Let y = 31 + p. Let g(i) = i**3 - 4*i**2 + i + 2. Give g(y).
6
Suppose 2*u - 8*u = -258. Suppose -u = 7*f + 6. Let d(y) = -y**3 - 7*y**2 - y - 7. What is d(f)?
0
Let m be 0/1 - (-39)/((-546)/140). Let n(x) = -x**3 - 11*x**2 - 15*x - 12. Calculate n(m).
38
Let u(m) = -12*m - 10653 + 55*m + 10637. Determine u(-2).
-102
Let k(b) = b**3 + 4*b**2 - 7*b - 1. Let r = -83 - 57. Let y = r + 136. Let a be (48/4)/y*(-20)/(-12). What is k(a)?
9
Let l(b) = -b**3 - 6*b**2. Let w be l(-6). Suppose 2*o + 1 - 3 = w. Suppose 4*x - o - 3 = 0. Let z(r) = 14*r**2 - r + 1. What is z(x)?
14
Let d be 48*27/648*(-3)/2. Let l(h) = h**2 + 5*h - 9. Determine l(d).
-15
Suppose 93*m - 91*m + 14*r + 188 = 0, 4*m = -5*r - 192. Let t(h) = 4*h + 159. Determine t(m).
7
Let k(s) be the second derivative of -s**5/20 + 11*s**4/12 - 5*s**3/3 + 5*s**2 + 1535*s. What is k(10)?
10
Let b(n) = 141 - 4*n**2 + 11*n + 15*n**2 + 0*n**2 - n**3 - 98 - 33. Let m be ((-4)/(-3))/((-4)/(-36)). Give b(m).
-2
Let b(n) be the first derivative of 